{"id":313,"date":"2018-01-20T16:25:34","date_gmt":"2018-01-20T15:25:34","guid":{"rendered":"https:\/\/strudeldimele.dnshome.de\/?page_id=313"},"modified":"2018-11-04T17:36:35","modified_gmt":"2018-11-04T16:36:35","slug":"impressum","status":"publish","type":"page","link":"https:\/\/strudeldimele.dnshome.de\/index.php\/contact\/impressum\/","title":{"rendered":"Impressum"},"content":{"rendered":"<p>Impressum<\/p>\n<p>Angaben gem\u00c3\u00a4\u00c3\u0178 \u00c2\u00a7 5 TMG<\/p>\n<p>Stephan Befort<br \/>\nHeinrich-Laberger-Ring 12<br \/>\n85591 Vaterstetten<\/p>\n<p>Kontakt<\/p>\n<p>Telefon: +49 8106 31619<br \/>\nE-Mail: stephan.befort@t-online.de (mailto:stephan.befort@t-online.de)<br \/>\nInternetadresse: http:\/\/befort.dnshome.de\/ (http:\/\/befort.dnshome.de\/)<\/p>\n<p>Verantwortlich f\u00c3\u00bcr den Inhalt nach \u00c2\u00a7 55 Abs. 2 RStV<\/p>\n<p>Stephan Befort<\/p>\n<p>Heinrich-Laberger-Ring 12<\/p>\n<p>85591 Vaterstetten<\/p>\n<p>Haftungsausschluss<\/p>\n<p style=\"text-align: justify;\">Haftung f\u00c3\u00bcr Inhalte<br \/>\nDie Inhalte unserer Seiten wurden mit gr\u00c3\u00b6\u00c3\u0178ter Sorgfalt erstellt. F\u00c3\u00bcr die Richtigkeit, Vollst\u00c3\u00a4ndigkeit und Aktualit\u00c3\u00a4t der Inhalte k\u00c3\u00b6nnen wir jedoch keine Gew\u00c3\u00a4hr \u00c3\u00bcbernehmen. Als Diensteanbieter sind wir gem\u00c3\u00a4\u00c3\u0178 \u00c2\u00a7 7 Abs.1 TMG f\u00c3\u00bcr eigene Inhalte auf diesen Seiten nach den allgemeinen Gesetzen verantwortlich. Nach \u00c2\u00a7\u00c2\u00a7 8 bis 10 TMG sind wir als Diensteanbieter jedoch nicht verpflichtet, \u00c3\u00bcbermittelte oder gespeicherte fremde Informationen zu \u00c3\u00bcberwachen oder nach Umst\u00c3\u00a4nden zu forschen, die auf eine rechtswidrige T\u00c3\u00a4tigkeit hinweisen. Verpflichtungen zur Entfernung oder Sperrung der Nutzung von Informationen nach den allgemeinen Gesetzen bleiben hiervon unber\u00c3\u00bchrt. Eine diesbez\u00c3\u00bcgliche Haftung ist jedoch erst ab dem Zeitpunkt der Kenntnis einer konkreten Rechtsverletzung m\u00c3\u00b6glich. Bei Bekanntwerden von entsprechenden Rechtsverletzungen werden wir diese Inhalte umgehend entfernen.<\/p>\n<p style=\"text-align: justify;\">Haftung f\u00c3\u00bcr Links<br \/>\nUnser Angebot enth\u00c3\u00a4lt Links zu externen Webseiten Dritter, auf deren Inhalte wir keinen Einfluss haben. Deshalb k\u00c3\u00b6nnen wir f\u00c3\u00bcr diese fremden Inhalte auch keine Gew\u00c3\u00a4hr \u00c3\u00bcbernehmen. F\u00c3\u00bcr die Inhalte der verlinkten Seiten ist stets der jeweilige Anbieter oder Betreiber der Seiten verantwortlich. Die verlinkten Seiten wurden zum Zeitpunkt der Verlinkung auf m\u00c3\u00b6gliche Rechtsverst\u00c3\u00b6\u00c3\u0178e \u00c3\u00bcberpr\u00c3\u00bcft. Rechtswidrige Inhalte waren zum Zeitpunkt der Verlinkung nicht erkennbar. Eine permanente inhaltliche Kontrolle der verlinkten Seiten ist jedoch ohne konkrete Anhaltspunkte einer Rechtsverletzung nicht zumutbar. Bei Bekanntwerden von Rechtsverletzungen werden wir derartige Links umgehend entfernen.<\/p>\n<p style=\"text-align: justify;\">Urheberrecht<br \/>\nDie durch die Seitenbetreiber erstellten bzw. verwendeten Inhalte und Werke auf diesen Seiten unterliegen dem deutschen Urheberrecht. Die Vervielf\u00c3\u00a4ltigung, Bearbeitung, Verbreitung und jede Art der Verwertung au\u00c3\u0178erhalb der Grenzen des Urheberrechtes bed\u00c3\u00bcrfen der Zustimmung des jeweiligen Autors bzw. Erstellers. Downloads und Kopien dieser Seite sind nur f\u00c3\u00bcr den privaten, nicht kommerziellen Gebrauch gestattet. Soweit die Inhalte auf dieser Seite nicht vom Betreiber erstellt wurden, werden die Urheberrechte Dritter beachtet. Insbesondere werden Inhalte Dritter als solche gekennzeichnet. Sollten Sie trotzdem auf eine Urheberrechtsverletzung aufmerksam werden, bitten wir um einen entsprechenden Hinweis. Bei Bekanntwerden von Rechtsverletzungen werden wir derartige Inhalte umgehend entfernen.<\/p>\n<p style=\"text-align: justify;\">Quelle gesponsort von: www.ms-concept.de (http:\/\/www.ms-concept.de\/)<\/p>\n<hr \/>\n<p style=\"text-align: justify;\">Legal Disclosure<\/p>\n<p style=\"text-align: justify;\">Information in accordance with section 5 TMG<\/p>\n<p style=\"text-align: justify;\">Stephan Befort<br \/>\nHeinrich-Laberger-Ring 12<br \/>\n85591 Vaterstetten<\/p>\n<p style=\"text-align: justify;\">Contact<\/p>\n<p style=\"text-align: justify;\">Telephone: +49 8106 31619<br \/>\nE-Mail: stephan.befort@t-online.de (mailto:stephan.befort@t-online.de)<br \/>\nInternetadresse: http:\/\/befort.dnshome.de\/ (http:\/\/befort.dnshome.de\/)<\/p>\n<p style=\"text-align: justify;\">Person responsible for content in accordance with 55 Abs. 2 RStV<\/p>\n<p style=\"text-align: justify;\">Stephan Befort<\/p>\n<p style=\"text-align: justify;\">Heinrich-Laberger-Ring 12<\/p>\n<p style=\"text-align: justify;\">85591 Vaterstetten<\/p>\n<p style=\"text-align: justify;\">Disclaimer<\/p>\n<p style=\"text-align: justify;\">Accountability for content<br \/>\nThe contents of our pages have been created with the utmost care. However, we cannot guarantee the contents&#8217; accuracy, completeness or topicality. According to statutory provisions, we are furthermore responsible for our own content on these web pages. In this context, please note that we are accordingly not obliged to monitor merely the transmitted or saved information of third parties, or investigate circumstances pointing to illegal activity. Our obligations to remove or block the use of information under generally applicable laws remain unaffected by this as per \u00c2\u00a7\u00c2\u00a7 8 to 10 of the Telemedia Act (TMG).<\/p>\n<p style=\"text-align: justify;\">Accountability for links<br \/>\nResponsibility for the content of external links (to web pages of third parties) lies solely with the operators of the linked pages. No violations were evident to us at the time of linking. Should any legal infringement become known to us, we will remove the respective link immediately.<\/p>\n<p style=\"text-align: justify;\">Copyright<br \/>\nOur web pages and their contents are subject to German copyright law. Unless expressly permitted by law (\u00c2\u00a7 44a et seq. of the copyright law), every form of utilizing, reproducing or processing works subject to copyright protection on our web pages requires the prior consent of the respective owner of the rights. Individual reproductions of a work are allowed only for private use, so must not serve either directly or indirectly for earnings. Unauthorized utilization of copyrighted works is punishable (\u00c2\u00a7 106 of the copyright law).<\/p>\n<p style=\"text-align: justify;\">Quelle gesponsort von:www.ms-concept.de (http:\/\/www.ms-concept.de\/)<\/p>\n<hr \/>\n<p style=\"text-align: justify;\">Datenschutzerkl\u00c3\u00a4rung<\/p>\n<p style=\"text-align: justify;\">Allgemeines<\/p>\n<p style=\"text-align: justify;\">Ihre personenbezogenen Daten (z.B. Anrede, Name, Anschrift, E-Mail-Adresse, Telefonnummer, Bankverbindung, Kreditkartennummer) werden von uns nur gem\u00c3\u00a4\u00c3\u0178 den Bestimmungen des deutschen Datenschutzrechts verarbeitet. Die nachfolgenden Vorschriften informieren Sie \u00c3\u00bcber Art, Umfang und Zweck der Erhebung, Verarbeitung und Nutzung personenbezogener Daten. Diese Datenschutzerkl\u00c3\u00a4rung bezieht sich nur auf unsere Webseiten. Falls Sie \u00c3\u00bcber Links auf unseren Seiten auf andere Seiten weitergeleitet werden, informieren Sie sich bitte dort \u00c3\u00bcber den jeweiligen Umgang mit Ihren Daten.<\/p>\n<p style=\"text-align: justify;\">Bestandsdaten<\/p>\n<p style=\"text-align: justify;\">(1) Ihre personenbezogenen Daten, soweit diese f\u00c3\u00bcr die Begr\u00c3\u00bcndung, inhaltliche Ausgestaltung oder \u00c3\u201enderung des Vertragsverh\u00c3\u00a4ltnisses erforderlich sind (Bestandsdaten), werden ausschlie\u00c3\u0178lich zur Vertragsabwicklung verwendet. So muss z.B. zur Zustellung der Waren Ihr Name und Ihre Anschrift an den Warenlieferanten weitergegeben werden.<br \/>\n(2) Ohne Ihre ausdr\u00c3\u00bcckliche Einwilligung oder ohne gesetzliche Grundlage werden Ihre personenbezogenen Daten nicht an au\u00c3\u0178erhalb der Vertragsabwicklung stehende Dritte weitergegeben. Nach vollst\u00c3\u00a4ndiger Vertragsabwicklung werden Ihre Daten f\u00c3\u00bcr die weitere Verwendung gesperrt. Nach Ablauf der steuer- und handelsrechtlichen Vorschriften werden diese Daten gel\u00c3\u00b6scht, sofern Sie nicht ausdr\u00c3\u00bccklich in die weitere Nutzung eingewilligt haben.<\/p>\n<p style=\"text-align: justify;\">Informationen \u00c3\u00bcber Cookies<\/p>\n<p style=\"text-align: justify;\">(1) Zur Optimierung unseres Internetauftritts setzen wir Cookies ein. Es handelt sich dabei um kleine Textdateien, die im Arbeitsspeicher Ihres Computers gespeichert werden. Diese Cookies werden nach dem Schlie\u00c3\u0178en des Browsers wieder gel\u00c3\u00b6scht. Andere Cookies verbleiben auf Ihrem Rechner (Langzeit-Cookies) und erkennen ihn beim n\u00c3\u00a4chsten Besuch wieder. Dadurch k\u00c3\u00b6nnen wir Ihnen einen besseren Zugang auf unsere Seite erm\u00c3\u00b6glichen.<br \/>\n(2) Das Speichern von Cookies k\u00c3\u00b6nnen Sie verhindern, indem Sie in Ihren Browser-Einstellungen &#8220;Cookies blockieren&#8221; w\u00c3\u00a4hlen. Dies kann aber eine Funktionseinschr\u00c3\u00a4nkung unserer Angebote zur Folge haben.<\/p>\n<p style=\"text-align: justify;\">Social Plugins von Facebook<\/p>\n<p style=\"text-align: justify;\">Wir verwenden Social Plugins von facebook.com, betrieben durch Facebook Inc., 1601 S. California Ave, Palo Alto, CA 94304, USA. Die Plugins sind an dem Facebook Logo oder dem Zusatz &#8220;Facebook Social Plugin&#8221; zu erkennen. Wenn Sie z.B. den &#8220;Gef\u00c3\u00a4llt mir&#8221; Button anklicken oder einen Kommentar abgeben, wird die entsprechende Information von Ihrem Browser direkt an Facebook \u00c3\u00bcbermittelt und dort gespeichert. Weiterhin macht Facebook Ihre Vorlieben f\u00c3\u00bcr Ihre Facebook-Freunde \u00c3\u00b6ffentlich. Sind Sie bei Facebook eingeloggt, kann Facebook den Aufruf unserer Seite Ihrem Facebook-Konto direkt zuordnen. Auch wenn Sie nicht eingeloggt sind oder gar kein Facebook-Konto besitzen, \u00c3\u00bcbermittelt Ihr Browser Informationen (z.B. welchen Webseite Sie aufgerufen haben, Ihre IP-Adresse), die von Facebook gespeichert werden. Details zum Umgang mit Ihren pers\u00c3\u00b6nlichen Daten durch Facebook sowie Ihren diesbez\u00c3\u00bcglichen Rechten entnehmen Sie bitte den Datenschutzhinweisen von Facebook: http:\/\/www.facebook.com\/policy.php (http:\/\/www.facebook.com\/policy.php) . Wenn Sie nicht m\u00c3\u00b6chten, dass Facebook die \u00c3\u00bcber unsere Webseiten \u00c3\u00bcber Sie gesammelten Daten Ihrem Facebook-Konto zuordnet, m\u00c3\u00bcssen Sie sich vor Ihrem Besuch unserer Webseiten bei Facebook ausloggen.<\/p>\n<p style=\"text-align: justify;\">Social Plugins von Twitter<\/p>\n<p style=\"text-align: justify;\">Wir verwenden mit Twitter und den Re-Tweet-Funktionen sog. &#8220;Social Plugins&#8221; von twitter.com, betrieben durch die Twitter Inc. 795 Folsom St., Suite 600, San Francisco, CA 94107. Wenn Sie die Re-Tweet Funktionen nutzen, werden die von Ihnen besuchten Webseiten Dritten bekanntgegeben und mit Ihrem Twitter-Account verbunden. Details zum Umgang mit Ihren Daten durch Twitter sowie zu Ihren Rechten und Einstellungsm\u00c3\u00b6glichkeiten zum Schutz Ihrer pers\u00c3\u00b6nlichen Daten k\u00c3\u00b6nnen Sie den Datenschutzhinweisen von Twitter entnehmen: http:\/\/twitter.com\/privacy (http:\/\/twitter.com\/privacy )<\/p>\n<p style=\"text-align: justify;\">Auskunft<\/p>\n<p style=\"text-align: justify;\">Nach dem Bundesdatenschutzgesetz haben Sie ein Recht auf unentgeltliche Auskunft \u00c3\u00bcber Ihre gespeicherten Daten sowie ggf. ein Recht auf Berichtigung, Sperrung oder L\u00c3\u00b6schung dieser Daten. Fragen k\u00c3\u00b6nnen Sie z.B. \u00c3\u00bcber die folgende E-Mail-Adresse stellen: ( stephan.befort@t-online.de (mailto:stephan.befort@t-online.de) )<\/p>\n<p style=\"text-align: justify;\">Quelle: www.muster-vorlagen.net (http:\/\/www.muster-vorlagen.net\/datenschutzerklaerungs-generator.html)<\/p>\n","protected":false},"excerpt":{"rendered":"<p>Impressum Angaben gem\u00c3\u00a4\u00c3\u0178 \u00c2\u00a7 5 TMG Stephan Befort Heinrich-Laberger-Ring 12 85591 Vaterstetten Kontakt Telefon: +49 8106 31619 E-Mail: stephan.befort@t-online.de (mailto:stephan.befort@t-online.de) Internetadresse: http:\/\/befort.dnshome.de\/ (http:\/\/befort.dnshome.de\/) Verantwortlich f\u00c3\u00bcr den Inhalt nach \u00c2\u00a7 55 Abs. 2 RStV Stephan Befort Heinrich-Laberger-Ring 12 85591 Vaterstetten Haftungsausschluss Haftung f\u00c3\u00bcr Inhalte Die Inhalte unserer Seiten wurden mit gr\u00c3\u00b6\u00c3\u0178ter Sorgfalt erstellt. F\u00c3\u00bcr die Richtigkeit, &hellip; <\/p>\n<p class=\"link-more\"><a href=\"https:\/\/strudeldimele.dnshome.de\/index.php\/contact\/impressum\/\" class=\"more-link\">Continue reading<span class=\"screen-reader-text\"> &#8220;Impressum&#8221;<\/span><\/a><\/p>\n","protected":false},"author":2,"featured_media":0,"parent":288,"menu_order":0,"comment_status":"closed","ping_status":"closed","template":"","meta":{"footnotes":""},"class_list":["post-313","page","type-page","status-publish","hentry"],"_links":{"self":[{"href":"https:\/\/strudeldimele.dnshome.de\/index.php\/wp-json\/wp\/v2\/pages\/313","targetHints":{"allow":["GET"]}}],"collection":[{"href":"https:\/\/strudeldimele.dnshome.de\/index.php\/wp-json\/wp\/v2\/pages"}],"about":[{"href":"https:\/\/strudeldimele.dnshome.de\/index.php\/wp-json\/wp\/v2\/types\/page"}],"author":[{"embeddable":true,"href":"https:\/\/strudeldimele.dnshome.de\/index.php\/wp-json\/wp\/v2\/users\/2"}],"replies":[{"embeddable":true,"href":"https:\/\/strudeldimele.dnshome.de\/index.php\/wp-json\/wp\/v2\/comments?post=313"}],"version-history":[{"count":5,"href":"https:\/\/strudeldimele.dnshome.de\/index.php\/wp-json\/wp\/v2\/pages\/313\/revisions"}],"predecessor-version":[{"id":13170,"href":"https:\/\/strudeldimele.dnshome.de\/index.php\/wp-json\/wp\/v2\/pages\/313\/revisions\/13170"}],"up":[{"embeddable":true,"href":"https:\/\/strudeldimele.dnshome.de\/index.php\/wp-json\/wp\/v2\/pages\/288"}],"wp:attachment":[{"href":"https:\/\/strudeldimele.dnshome.de\/index.php\/wp-json\/wp\/v2\/media?parent=313"}],"curies":[{"name":"wp","href":"https:\/\/api.w.org\/{rel}","templated":true}]}}